{"id":3991,"date":"2021-12-01T17:23:38","date_gmt":"2021-12-01T17:23:38","guid":{"rendered":"https:\/\/ccseas-ccease.apps01.yorku.ca\/?page_id=3991"},"modified":"2026-03-01T17:40:45","modified_gmt":"2026-03-01T17:40:45","slug":"home","status":"publish","type":"page","link":"https:\/\/www.ccseas.ca\/","title":{"rendered":""},"content":{"rendered":"\n<p>The Canadian Council for Southeast Asian Studies (CCSEAS) brings together scholars, students, policy makers and activists with an interest in Southeast Asia and its connections to the rest of the world. &nbsp;The CCSEAS organizes a <a rel=\"noreferrer noopener\" href=\"https:\/\/ccseas-ccease.apps01.yorku.ca\/index.php\/conferences\/\" target=\"_blank\">biennial conference<\/a> and publishes a biannual student-run newsletter. The <a href=\"http:\/\/www.yorku.ca\/ycar\">York Centre for Asian Research<\/a> at York University is the home of the CCSEAS Secretariat.&nbsp;<\/p>\n\n\n\n<p><\/p>\n\n\n\n<p class=\"has-text-color\" style=\"color:#000080\">Le Conseil canadien des \u00e9tudes d\u2019Asie du Sud-Est (CCEASE) rassemble des universitaires, des \u00e9tudiant.e.s, des strat\u00e8ges et des militant.e.s qui s&#8217;int\u00e9ressent \u00e0 cette r\u00e9gion et \u00e0 ses liens avec le reste du monde. Le CCEASE organise une conf\u00e9rence biennale et publie un bulletin d\u2019information g\u00e9r\u00e9 par des \u00e9tudiant.e.s. Le <a href=\"http:\/\/www.yorku.ca\/ycar\">York Centre for Asian Research<\/a> de l&#8217;Universit\u00e9 York sert de secr\u00e9tariat pour le CCEASE.<\/p>\n\n\n\n<p class=\"has-text-color\" style=\"color:#000080\"><\/p>\n","protected":false},"excerpt":{"rendered":"<p>The Canadian Council for Southeast Asian Studies (CCSEAS) brings together scholars, students, policy makers and activists with an interest in Southeast Asia and its connections to the rest of the world. &nbsp;The CCSEAS organizes a biennial conference and publishes a biannual student-run newsletter. The York Centre for Asian Research at York University is the home [&hellip;]<\/p>\n","protected":false},"author":1,"featured_media":0,"parent":0,"menu_order":0,"comment_status":"closed","ping_status":"closed","template":"","meta":{"footnotes":""},"class_list":["post-3991","page","type-page","status-publish","hentry"],"_links":{"self":[{"href":"https:\/\/www.ccseas.ca\/index.php\/wp-json\/wp\/v2\/pages\/3991","targetHints":{"allow":["GET"]}}],"collection":[{"href":"https:\/\/www.ccseas.ca\/index.php\/wp-json\/wp\/v2\/pages"}],"about":[{"href":"https:\/\/www.ccseas.ca\/index.php\/wp-json\/wp\/v2\/types\/page"}],"author":[{"embeddable":true,"href":"https:\/\/www.ccseas.ca\/index.php\/wp-json\/wp\/v2\/users\/1"}],"replies":[{"embeddable":true,"href":"https:\/\/www.ccseas.ca\/index.php\/wp-json\/wp\/v2\/comments?post=3991"}],"version-history":[{"count":34,"href":"https:\/\/www.ccseas.ca\/index.php\/wp-json\/wp\/v2\/pages\/3991\/revisions"}],"predecessor-version":[{"id":4439,"href":"https:\/\/www.ccseas.ca\/index.php\/wp-json\/wp\/v2\/pages\/3991\/revisions\/4439"}],"wp:attachment":[{"href":"https:\/\/www.ccseas.ca\/index.php\/wp-json\/wp\/v2\/media?parent=3991"}],"curies":[{"name":"wp","href":"https:\/\/api.w.org\/{rel}","templated":true}]}}