{"id":3998,"date":"2021-12-01T17:37:45","date_gmt":"2021-12-01T17:37:45","guid":{"rendered":"https:\/\/ccseas-ccease.apps01.yorku.ca\/?page_id=3998"},"modified":"2022-01-07T16:42:28","modified_gmt":"2022-01-07T16:42:28","slug":"updates","status":"publish","type":"page","link":"https:\/\/www.ccseas.ca\/index.php\/updates\/","title":{"rendered":"Updates"},"content":{"rendered":"<ul class=\"wp-block-latest-posts__list wp-block-latest-posts\"><li><a class=\"wp-block-latest-posts__post-title\" href=\"https:\/\/www.ccseas.ca\/index.php\/2025\/08\/03\/appel-candidatures-icesea-bourse-voyage-ccease-2025-072025\/\">Appel \u00e0 candidatures | ICESEA bourse de voyage pour la participation au CCEASE 2025\/Victoria<\/a><\/li>\n<li><a class=\"wp-block-latest-posts__post-title\" href=\"https:\/\/www.ccseas.ca\/index.php\/2025\/07\/29\/call-applications-cseasi-travel-awards-participation-ccseas-2025\/\">Call for Applications | CSEASI Travel Awards for participation in CCSEAS 2025<\/a><\/li>\n<li><a class=\"wp-block-latest-posts__post-title\" href=\"https:\/\/www.ccseas.ca\/index.php\/2024\/11\/01\/save-the-date-reservez-la-date-conference-2025-colloque-de-2025\/\">2025 conference | Colloque de 2025 \u00a0<\/a><\/li>\n<li><a class=\"wp-block-latest-posts__post-title\" href=\"https:\/\/www.ccseas.ca\/index.php\/2023\/09\/29\/our-2023-keynote-speakers\/\">Our 2023 keynote speakers<\/a><\/li>\n<li><a class=\"wp-block-latest-posts__post-title\" href=\"https:\/\/www.ccseas.ca\/index.php\/2023\/07\/27\/financement-detudiants-diplomes-graduate-student-funding\/\">Financement pour la participation d&#8217;\u00e9tudiants dipl\u00f4m\u00e9s\/Graduate Student Funding<\/a><\/li>\n<\/ul>","protected":false},"excerpt":{"rendered":"","protected":false},"author":1,"featured_media":0,"parent":0,"menu_order":0,"comment_status":"closed","ping_status":"closed","template":"","meta":{"footnotes":""},"class_list":["post-3998","page","type-page","status-publish","hentry"],"_links":{"self":[{"href":"https:\/\/www.ccseas.ca\/index.php\/wp-json\/wp\/v2\/pages\/3998","targetHints":{"allow":["GET"]}}],"collection":[{"href":"https:\/\/www.ccseas.ca\/index.php\/wp-json\/wp\/v2\/pages"}],"about":[{"href":"https:\/\/www.ccseas.ca\/index.php\/wp-json\/wp\/v2\/types\/page"}],"author":[{"embeddable":true,"href":"https:\/\/www.ccseas.ca\/index.php\/wp-json\/wp\/v2\/users\/1"}],"replies":[{"embeddable":true,"href":"https:\/\/www.ccseas.ca\/index.php\/wp-json\/wp\/v2\/comments?post=3998"}],"version-history":[{"count":6,"href":"https:\/\/www.ccseas.ca\/index.php\/wp-json\/wp\/v2\/pages\/3998\/revisions"}],"predecessor-version":[{"id":4018,"href":"https:\/\/www.ccseas.ca\/index.php\/wp-json\/wp\/v2\/pages\/3998\/revisions\/4018"}],"wp:attachment":[{"href":"https:\/\/www.ccseas.ca\/index.php\/wp-json\/wp\/v2\/media?parent=3998"}],"curies":[{"name":"wp","href":"https:\/\/api.w.org\/{rel}","templated":true}]}}