{"id":4328,"date":"2024-11-01T14:43:31","date_gmt":"2024-11-01T14:43:31","guid":{"rendered":"https:\/\/www.ccseas.ca\/?page_id=4328"},"modified":"2026-03-01T17:42:11","modified_gmt":"2026-03-01T17:42:11","slug":"2025-conference-colloque-en-2025","status":"publish","type":"page","link":"https:\/\/www.ccseas.ca\/index.php\/2025-conference-colloque-en-2025\/","title":{"rendered":"2025 conference <br>Conf\u00e9rence 2025"},"content":{"rendered":"\n<div class=\"wp-block-cover\" style=\"min-height:379px;aspect-ratio:unset;\"><img loading=\"lazy\" decoding=\"async\" width=\"1024\" height=\"768\" class=\"wp-block-cover__image-background wp-image-4369\" alt=\"\" src=\"https:\/\/www.ccseas.ca\/wp-content\/uploads\/2025\/07\/mural-darbotz-setsu-1024x768.jpg\" data-object-fit=\"cover\" srcset=\"https:\/\/www.ccseas.ca\/wp-content\/uploads\/2025\/07\/mural-darbotz-setsu-1024x768.jpg 1024w, https:\/\/www.ccseas.ca\/wp-content\/uploads\/2025\/07\/mural-darbotz-setsu-300x225.jpg 300w, https:\/\/www.ccseas.ca\/wp-content\/uploads\/2025\/07\/mural-darbotz-setsu-768x576.jpg 768w, https:\/\/www.ccseas.ca\/wp-content\/uploads\/2025\/07\/mural-darbotz-setsu-1536x1152.jpg 1536w, https:\/\/www.ccseas.ca\/wp-content\/uploads\/2025\/07\/mural-darbotz-setsu.jpg 2048w\" sizes=\"auto, (max-width: 1024px) 100vw, 1024px\" \/><span aria-hidden=\"true\" class=\"wp-block-cover__background has-background-dim\"><\/span><div class=\"wp-block-cover__inner-container is-layout-flow wp-block-cover-is-layout-flow\">\n<h2 class=\"wp-block-heading has-text-align-center has-x-large-font-size\">                   <strong> <\/strong><\/h2>\n\n\n\n<h1 class=\"wp-block-heading has-text-align-center has-large-font-size\"><\/h1>\n<\/div><\/div>\n\n\n\n<h1 class=\"wp-block-heading has-text-align-center has-large-font-size\"><strong>Pursuing the Common Good<\/strong> \/\/ <strong>Poursuivre le bien commun<\/strong> <\/h1>\n\n\n\n<p>It\u2019s a great pleasure, and a privilege, to welcome everyone to this year&#8217;s CCSEAS conference in Victoria. We have an exciting line-up of papers, panels and roundtable discussions planned, and a special keynote forum on the future of Southeast Asian Studies, featuring leading scholars, activists, artists and academic practitioners from across Southeast Asia. We\u2019re looking forward to seeing you there!<\/p>\n\n\n\n<p><strong>Venue<\/strong> <\/p>\n\n\n\n<p class=\"has-text-color has-link-color wp-elements-a38a02830aa14ab5b0df78816d05a3e2\" style=\"color:#c00a0a\"><strong>IMPORTANT<\/strong>\u2014<strong>VENUE CHANGE<\/strong>: Due to circumstances beyond our control, the conference will now take place on the University of Victoria&#8217;s main campus. We have arranged for return shuttle service between downtown Victoria and the conference site for Thursday and Friday, both in the morning and evening.<\/p>\n\n\n\n<p><strong>Registration<\/strong><\/p>\n\n\n\n<p>Regular registration is now open <strong>until<\/strong> <strong>23 October 2025<\/strong>. <a href=\"https:\/\/www.eventbrite.ca\/e\/ccseas-2025-ccease-2025-regular-registration-tickets-1554898546409?aff=oddtdtcreator\">Please register using this link<\/a><a href=\"https:\/\/ccseas-ccease-2025.eventbrite.ca\" target=\"_blank\" rel=\"noreferrer noopener\">.<\/a><\/p>\n\n\n\n<ul class=\"wp-block-list\">\n<li>$105 | Students, postdoctoral researchers and scholars based in low-income countries<\/li>\n\n\n\n<li>$330 | Faculty<\/li>\n\n\n\n<li>$230 | Professionals and Community Members<\/li>\n<\/ul>\n\n\n\n<p><a href=\"https:\/\/www.ccseas.ca\/wp-content\/uploads\/2025\/10\/ccseas-program_ccease-programme-102025.pdf\">The conference program is available at this link<\/a>.<\/p>\n\n\n\n<p>We acknowledge the support of the International Development Research Centre\u2019s K4DM initiative.<\/p>\n\n\n\n<p>Questions welcome to <a href=\"mailto:ccseas@yorku.ca\">ccseas[at]yorku.ca<\/a>.<\/p>\n\n\n\n<hr class=\"wp-block-separator has-alpha-channel-opacity\"\/>\n\n\n\n<p class=\"has-text-color has-link-color wp-elements-e2405419fa060d871dbcaea62365bb67\" style=\"color:#000080\">C&#8217;est un grand plaisir et un privil\u00e8ge de vous accueillir \u00e0 la conf\u00e9rence de la CCEASE \u00e0 Victoria. Un programme passionnant vous attend : des communications, des panels, des tables rondes, et un forum sp\u00e9cial consacr\u00e9 \u00e0 l&#8217;avenir des \u00e9tudes sur l&#8217;Asie du Sud-Est, r\u00e9unissant d&#8217;\u00e9minents universitaires, artistes, activistes et praticiens de la r\u00e9gion. On a vraiment h\u00e2te de vous y retrouver !<\/p>\n\n\n\n<p class=\"has-text-color has-link-color wp-elements-905be9a33b560a73e603e09cbeb852d2\" style=\"color:#000080\"><strong>Lieu <\/strong><\/p>\n\n\n\n<p class=\"has-text-color has-link-color wp-elements-2b3b6ec4028e45cb604e486d86ead3da\" style=\"color:#c60606\">I<strong>MPORTANT\u2014CHANGEMENT DE LIEU<\/strong>: En raison de circonstances ind\u00e9pendantes de notre volont\u00e9, la conf\u00e9rence aura maintenant lieu sur le campus principal de l\u2019Universit\u00e9 de Victoria. Pour les personnes inscrites, nous avons organis\u00e9 un service de navette aller-retour entre le centre-ville de Victoria et le site de la conf\u00e9rence pour jeudi et vendredi, \u00e0 la fois matin et soir.<\/p>\n\n\n\n<p class=\"has-text-color has-link-color wp-elements-a2cdcc21534190543d512fc28b6132fc\" style=\"color:#000080\"><strong>Inscription<\/strong><\/p>\n\n\n\n<p class=\"has-text-color has-link-color wp-elements-4a9741b21ceb78805836bea41e23a8a0\" style=\"color:#000080\">Les inscriptions  sont ouvertes jusqu&#8217;au 22 octobre 2025. V<a href=\"https:\/\/www.eventbrite.ca\/e\/ccseas-2025-ccease-2025-regular-registration-tickets-1554898546409?aff=oddtdtcreator\">euillez vous inscrire en utilisant ce lien.<\/a><\/p>\n\n\n\n<ul class=\"wp-block-list\">\n<li class=\"has-text-color has-link-color wp-elements-ac2bb643a413395f5a875391f96f89ee\" style=\"color:#000080\">105 $ | \u00c9tudiants, chercheurs postdoctoraux et universitaires bas\u00e9s dans des pays \u00e0 faible revenu<\/li>\n\n\n\n<li class=\"has-text-color has-link-color wp-elements-43f7d40686dec7225904fffebdd0b0cc\" style=\"color:#000080\">330 $ | Enseignants<\/li>\n\n\n\n<li class=\"has-text-color has-link-color wp-elements-4fe0d1a6af3b282ba917eb2ccebe5826\" style=\"color:#000080\">230 $ | Professionnels et membres de la communaut\u00e9<\/li>\n<\/ul>\n\n\n\n<p class=\"has-text-color has-link-color wp-elements-e35dcf59f43b04194020f5c7fe5efeaf\" style=\"color:#000080\"><a href=\"https:\/\/www.ccseas.ca\/wp-content\/uploads\/2025\/10\/ccseas-program_ccease-programme-102025.pdf\">Le programme de la conf\u00e9rence est disponible ici<\/a>.<\/p>\n\n\n\n<p class=\"has-text-color has-link-color wp-elements-0282d38f549affa852500fb8db9a678a\" style=\"color:#000080\">Nous reconnaissons le soutien de l\u2019initiative K4DM du Centre de recherches pour le d\u00e9veloppement international.<\/p>\n\n\n\n<p class=\"has-text-color has-link-color wp-elements-a023f0b2646509d334414febe08123ef\" style=\"color:#000080\">Questions bienvenues sur <a href=\"mailto:ccseas@yorku.ca\">ccseas[at]yorku.ca<\/a>.<\/p>\n\n\n\n<p><\/p>\n","protected":false},"excerpt":{"rendered":"<p>Pursuing the Common Good \/\/ Poursuivre le bien commun It\u2019s a great pleasure, and a privilege, to welcome everyone to this year&#8217;s CCSEAS conference in Victoria. We have an exciting line-up of papers, panels and roundtable discussions planned, and a special keynote forum on the future of Southeast Asian Studies, featuring leading scholars, activists, artists [&hellip;]<\/p>\n","protected":false},"author":1,"featured_media":0,"parent":0,"menu_order":0,"comment_status":"closed","ping_status":"closed","template":"","meta":{"footnotes":""},"class_list":["post-4328","page","type-page","status-publish","hentry"],"_links":{"self":[{"href":"https:\/\/www.ccseas.ca\/index.php\/wp-json\/wp\/v2\/pages\/4328","targetHints":{"allow":["GET"]}}],"collection":[{"href":"https:\/\/www.ccseas.ca\/index.php\/wp-json\/wp\/v2\/pages"}],"about":[{"href":"https:\/\/www.ccseas.ca\/index.php\/wp-json\/wp\/v2\/types\/page"}],"author":[{"embeddable":true,"href":"https:\/\/www.ccseas.ca\/index.php\/wp-json\/wp\/v2\/users\/1"}],"replies":[{"embeddable":true,"href":"https:\/\/www.ccseas.ca\/index.php\/wp-json\/wp\/v2\/comments?post=4328"}],"version-history":[{"count":26,"href":"https:\/\/www.ccseas.ca\/index.php\/wp-json\/wp\/v2\/pages\/4328\/revisions"}],"predecessor-version":[{"id":4441,"href":"https:\/\/www.ccseas.ca\/index.php\/wp-json\/wp\/v2\/pages\/4328\/revisions\/4441"}],"wp:attachment":[{"href":"https:\/\/www.ccseas.ca\/index.php\/wp-json\/wp\/v2\/media?parent=4328"}],"curies":[{"name":"wp","href":"https:\/\/api.w.org\/{rel}","templated":true}]}}